{"id":95,"date":"2020-10-31T17:07:49","date_gmt":"2020-10-31T16:07:49","guid":{"rendered":"http:\/\/ap.sciencespo-lille.eu\/?page_id=95"},"modified":"2023-12-04T12:14:29","modified_gmt":"2023-12-04T11:14:29","slug":"stages-et-insertion-professionnelle","status":"publish","type":"page","link":"https:\/\/ap.sciencespo-lille.eu\/?page_id=95","title":{"rendered":"Les stages et l&rsquo;insertion professionnelle (M2)"},"content":{"rendered":"\n<p>Dans le cadre de la majeure Affaires Publiques, un <strong>stage de fin d&rsquo;\u00e9tudes d&rsquo;une dur\u00e9e de 6 mois<\/strong> doit \u00eatre effectu\u00e9 par les \u00e9tudiantes et les \u00e9tudiants, au <strong>semestre 4<\/strong>, en France ou \u00e0 l&rsquo;\u00e9tranger. <\/p>\n\n\n\n<p>Ce <strong>stage obligatoire<\/strong> fait partie int\u00e9grante de la validation du cycle master 2 et repr\u00e9sente <strong>30 cr\u00e9dits<\/strong> <strong>ECTS<\/strong>. Il peut d\u00e9buter d\u00e8s le mois de janvier et s&rsquo;achever le 30 septembre de l&rsquo;ann\u00e9e en cours au plus tard, dans la limite d&rsquo;une dur\u00e9e de <strong>6 mois maximum<\/strong>.<\/p>\n\n\n\n<p>Le stage fait l&rsquo;objet d&rsquo;une \u00e9valuation par la structure d&rsquo;accueil et d&rsquo;un rapport de stage, voire d&rsquo;une soutenance \u00e9ventuelle \u00e0 Sciences Po Lille.<\/p>\n\n\n\n<div style=\"height:31px\" aria-hidden=\"true\" class=\"wp-block-spacer\"><\/div>\n\n\n\n<h2 class=\"wp-block-heading\">Ils ont accueilli des stagiaires AP :<\/h2>\n\n\n\n<ul class=\"wp-block-list\"><li>Chambre de Commerce et d&rsquo;Industrie France Gr\u00e8ce \u00e0 Ath\u00e8nes<\/li><li>Ambassade de France \u00e0 Washington<\/li><li>Ambassade de France d&rsquo;Uruguay<\/li><li>Direction g\u00e9n\u00e9rale de Police nationale<\/li><li>SNCF Gares et Connexions<\/li><li>Conseil de l&rsquo;Europe<\/li><li>Minist\u00e8re des arm\u00e9es<\/li><li>F\u00e9d\u00e9ration Hospitali\u00e8re de France<\/li><li>Cour des comptes<\/li><li>Conseil d&rsquo;\u00c9tat<\/li><li>Pr\u00e9fecture du Nord<\/li><li>Services administratifs du Premier ministre<\/li><li>Cabinet du Premier ministre<\/li><li>Minist\u00e8re de l&rsquo;Int\u00e9rieur<\/li><li>Banque de France<\/li><li>Tribunal administratif de Lille<\/li><li>R\u00e9gion \u00cele de France<\/li><li>CNIL<\/li><li>Repr\u00e9sentation permanente de la France aupr\u00e8s de l&rsquo;OTAN<\/li><li>CAF<\/li><li>APHP Nord<\/li><li>Cour administrative d&rsquo;appel<\/li><li>Cour d&rsquo;appel de Paris<\/li><li>Cour des comptes europ\u00e9enne<\/li><li>Minist\u00e8re de la Sant\u00e9 et de la Pr\u00e9vention<\/li><li>Lagardere M\u00e9dia News<\/li><li>Direction de la S\u00e9curit\u00e9 Sociale<\/li><li>Minist\u00e8re de l&rsquo;\u00c9ducation nationale<\/li><li>Minist\u00e8re des solidarit\u00e9s et de la sant\u00e9<\/li><\/ul>\n\n\n\n<div style=\"height:20px\" aria-hidden=\"true\" class=\"wp-block-spacer\"><\/div>\n\n\n\n<p>Les \u00e9tudiantes et les \u00e9tudiants de Sciences Po Lille peuvent consulter <strong>l&rsquo;historique des stages<\/strong> via la plateforme des Alumni : <\/p>\n\n\n\n<div class=\"wp-block-buttons is-content-justification-center is-layout-flex wp-container-core-buttons-is-layout-16018d1d wp-block-buttons-is-layout-flex\">\n<div class=\"wp-block-button is-style-fill\"><a class=\"wp-block-button__link has-white-color has-text-color has-background\" href=\"https:\/\/alumni.sciencespo-lille.eu\/page\/historique-des-stages\" style=\"background-color:#b48fc5\" target=\"_blank\" rel=\"noreferrer noopener\">Historique des stages<\/a><\/div>\n<\/div>\n\n\n\n<div style=\"height:30px\" aria-hidden=\"true\" class=\"wp-block-spacer\"><\/div>\n\n\n\n<p>Retrouvez \u00e9galement la <strong>liste des offres de stage et d&#8217;emploi<\/strong> :<\/p>\n\n\n\n<div class=\"wp-block-buttons is-content-justification-center is-layout-flex wp-container-core-buttons-is-layout-16018d1d wp-block-buttons-is-layout-flex\">\n<div class=\"wp-block-button\"><a class=\"wp-block-button__link has-white-color has-text-color has-background\" href=\"https:\/\/alumni.sciencespo-lille.eu\/jobboard?page=1\" style=\"background-color:#b48fc5\" target=\"_blank\" rel=\"noreferrer noopener\">Offres de stage et d&#8217;emploi<\/a><\/div>\n<\/div>\n\n\n\n<div style=\"height:30px\" aria-hidden=\"true\" class=\"wp-block-spacer\"><\/div>\n\n\n\n<p>Pour plus d&rsquo;informations sur les stages \u00e0 Sciences Po Lille et l&rsquo;insertion professionnelle, consultez le <strong>Guide des stages<\/strong> de la plateforme des Alumni :<\/p>\n\n\n\n<div class=\"wp-block-buttons is-content-justification-center is-layout-flex wp-container-core-buttons-is-layout-16018d1d wp-block-buttons-is-layout-flex\">\n<div class=\"wp-block-button\"><a class=\"wp-block-button__link has-white-color has-text-color has-background\" href=\"https:\/\/alumni.sciencespo-lille.eu\/page\/guide-des-stages-1\" style=\"background-color:#b48fc5\" target=\"_blank\" rel=\"noreferrer noopener\">Guide des stages<\/a><\/div>\n<\/div>\n\n\n\n<div style=\"height:58px\" aria-hidden=\"true\" class=\"wp-block-spacer\"><\/div>\n\n\n\n<p>Au cours des deux ans de formation de la majeure, l\u2019insertion professionnelle est favoris\u00e9e par l\u2019organisation de <strong>rencontres professionnelles<\/strong> avec des acteurs des Hauts-De-France. Les \u00e9tudiantes et les \u00e9tudiants de la promotion Denis Mukwege (2023) ont notamment rencontr\u00e9 l\u2019\u00e9quipe municipale de la ville de Roubaix et celle du Palais des Beaux-Arts.<\/p>\n","protected":false},"excerpt":{"rendered":"<p>Dans le cadre de la majeure Affaires Publiques, un stage de fin d&rsquo;\u00e9tudes d&rsquo;une dur\u00e9e de 6 mois doit \u00eatre effectu\u00e9 par les \u00e9tudiantes et les \u00e9tudiants, au semestre 4, en France ou \u00e0 l&rsquo;\u00e9tranger. Ce stage obligatoire fait partie int\u00e9grante de la validation du cycle master 2 et repr\u00e9sente 30 cr\u00e9dits ECTS. Il peut [&hellip;]<\/p>\n","protected":false},"author":1,"featured_media":0,"parent":0,"menu_order":0,"comment_status":"closed","ping_status":"closed","template":"","meta":{"_seopress_robots_primary_cat":"","_seopress_titles_title":"","_seopress_titles_desc":"","_seopress_robots_index":"","ocean_post_layout":"","ocean_both_sidebars_style":"","ocean_both_sidebars_content_width":0,"ocean_both_sidebars_sidebars_width":0,"ocean_sidebar":"0","ocean_second_sidebar":"0","ocean_disable_margins":"enable","ocean_add_body_class":"","ocean_shortcode_before_top_bar":"","ocean_shortcode_after_top_bar":"","ocean_shortcode_before_header":"","ocean_shortcode_after_header":"","ocean_has_shortcode":"","ocean_shortcode_after_title":"","ocean_shortcode_before_footer_widgets":"","ocean_shortcode_after_footer_widgets":"","ocean_shortcode_before_footer_bottom":"","ocean_shortcode_after_footer_bottom":"","ocean_display_top_bar":"default","ocean_display_header":"default","ocean_header_style":"","ocean_center_header_left_menu":"0","ocean_custom_header_template":"0","ocean_custom_logo":0,"ocean_custom_retina_logo":0,"ocean_custom_logo_max_width":0,"ocean_custom_logo_tablet_max_width":0,"ocean_custom_logo_mobile_max_width":0,"ocean_custom_logo_max_height":0,"ocean_custom_logo_tablet_max_height":0,"ocean_custom_logo_mobile_max_height":0,"ocean_header_custom_menu":"0","ocean_menu_typo_font_family":"0","ocean_menu_typo_font_subset":"","ocean_menu_typo_font_size":0,"ocean_menu_typo_font_size_tablet":0,"ocean_menu_typo_font_size_mobile":0,"ocean_menu_typo_font_size_unit":"px","ocean_menu_typo_font_weight":"","ocean_menu_typo_font_weight_tablet":"","ocean_menu_typo_font_weight_mobile":"","ocean_menu_typo_transform":"","ocean_menu_typo_transform_tablet":"","ocean_menu_typo_transform_mobile":"","ocean_menu_typo_line_height":0,"ocean_menu_typo_line_height_tablet":0,"ocean_menu_typo_line_height_mobile":0,"ocean_menu_typo_line_height_unit":"","ocean_menu_typo_spacing":0,"ocean_menu_typo_spacing_tablet":0,"ocean_menu_typo_spacing_mobile":0,"ocean_menu_typo_spacing_unit":"","ocean_menu_link_color":"","ocean_menu_link_color_hover":"","ocean_menu_link_color_active":"","ocean_menu_link_background":"","ocean_menu_link_hover_background":"","ocean_menu_link_active_background":"","ocean_menu_social_links_bg":"","ocean_menu_social_hover_links_bg":"","ocean_menu_social_links_color":"","ocean_menu_social_hover_links_color":"","ocean_disable_title":"default","ocean_disable_heading":"default","ocean_post_title":"","ocean_post_subheading":"","ocean_post_title_style":"","ocean_post_title_background_color":"","ocean_post_title_background":0,"ocean_post_title_bg_image_position":"","ocean_post_title_bg_image_attachment":"","ocean_post_title_bg_image_repeat":"","ocean_post_title_bg_image_size":"","ocean_post_title_height":0,"ocean_post_title_bg_overlay":0.5,"ocean_post_title_bg_overlay_color":"","ocean_disable_breadcrumbs":"default","ocean_breadcrumbs_color":"","ocean_breadcrumbs_separator_color":"","ocean_breadcrumbs_links_color":"","ocean_breadcrumbs_links_hover_color":"","ocean_display_footer_widgets":"default","ocean_display_footer_bottom":"default","ocean_custom_footer_template":"0","footnotes":""},"class_list":["post-95","page","type-page","status-publish","hentry","entry"],"_links":{"self":[{"href":"https:\/\/ap.sciencespo-lille.eu\/index.php?rest_route=\/wp\/v2\/pages\/95","targetHints":{"allow":["GET"]}}],"collection":[{"href":"https:\/\/ap.sciencespo-lille.eu\/index.php?rest_route=\/wp\/v2\/pages"}],"about":[{"href":"https:\/\/ap.sciencespo-lille.eu\/index.php?rest_route=\/wp\/v2\/types\/page"}],"author":[{"embeddable":true,"href":"https:\/\/ap.sciencespo-lille.eu\/index.php?rest_route=\/wp\/v2\/users\/1"}],"replies":[{"embeddable":true,"href":"https:\/\/ap.sciencespo-lille.eu\/index.php?rest_route=%2Fwp%2Fv2%2Fcomments&post=95"}],"version-history":[{"count":20,"href":"https:\/\/ap.sciencespo-lille.eu\/index.php?rest_route=\/wp\/v2\/pages\/95\/revisions"}],"predecessor-version":[{"id":897,"href":"https:\/\/ap.sciencespo-lille.eu\/index.php?rest_route=\/wp\/v2\/pages\/95\/revisions\/897"}],"wp:attachment":[{"href":"https:\/\/ap.sciencespo-lille.eu\/index.php?rest_route=%2Fwp%2Fv2%2Fmedia&parent=95"}],"curies":[{"name":"wp","href":"https:\/\/api.w.org\/{rel}","templated":true}]}}

<p>Dans le cadre de la majeure Affaires Publiques, un <strong>stage de fin d&rsquo;études d&rsquo;une durée de 6 mois</strong> doit être effectué par les étudiantes et les étudiants, au <strong>semestre 4</strong>, en France ou à l&rsquo;étranger. </p>



<p>Ce <strong>stage obligatoire</strong> fait partie intégrante de la validation du cycle master 2 et représente <strong>30 crédits</strong> <strong>ECTS</strong>. Il peut débuter dès le mois de janvier et s&rsquo;achever le 30 septembre de l&rsquo;année en cours au plus tard, dans la limite d&rsquo;une durée de <strong>6 mois maximum</strong>.</p>



<p>Le stage fait l&rsquo;objet d&rsquo;une évaluation par la structure d&rsquo;accueil et d&rsquo;un rapport de stage, voire d&rsquo;une soutenance éventuelle à Sciences Po Lille.</p>



<div style="height:31px" aria-hidden="true" class="wp-block-spacer"></div>



<h2 class="wp-block-heading">Ils ont accueilli des stagiaires AP :</h2>



<ul class="wp-block-list"><li>Chambre de Commerce et d&rsquo;Industrie France Grèce à Athènes</li><li>Ambassade de France à Washington</li><li>Ambassade de France d&rsquo;Uruguay</li><li>Direction générale de Police nationale</li><li>SNCF Gares et Connexions</li><li>Conseil de l&rsquo;Europe</li><li>Ministère des armées</li><li>Fédération Hospitalière de France</li><li>Cour des comptes</li><li>Conseil d&rsquo;État</li><li>Préfecture du Nord</li><li>Services administratifs du Premier ministre</li><li>Cabinet du Premier ministre</li><li>Ministère de l&rsquo;Intérieur</li><li>Banque de France</li><li>Tribunal administratif de Lille</li><li>Région Île de France</li><li>CNIL</li><li>Représentation permanente de la France auprès de l&rsquo;OTAN</li><li>CAF</li><li>APHP Nord</li><li>Cour administrative d&rsquo;appel</li><li>Cour d&rsquo;appel de Paris</li><li>Cour des comptes européenne</li><li>Ministère de la Santé et de la Prévention</li><li>Lagardere Média News</li><li>Direction de la Sécurité Sociale</li><li>Ministère de l&rsquo;Éducation nationale</li><li>Ministère des solidarités et de la santé</li></ul>



<div style="height:20px" aria-hidden="true" class="wp-block-spacer"></div>



<p>Les étudiantes et les étudiants de Sciences Po Lille peuvent consulter <strong>l&rsquo;historique des stages</strong> via la plateforme des Alumni : </p>



<div class="wp-block-buttons is-content-justification-center is-layout-flex wp-container-core-buttons-is-layout-16018d1d wp-block-buttons-is-layout-flex">
<div class="wp-block-button is-style-fill"><a class="wp-block-button__link has-white-color has-text-color has-background" href="https://alumni.sciencespo-lille.eu/page/historique-des-stages" style="background-color:#b48fc5" target="_blank" rel="noreferrer noopener">Historique des stages</a></div>
</div>



<div style="height:30px" aria-hidden="true" class="wp-block-spacer"></div>



<p>Retrouvez également la <strong>liste des offres de stage et d&#8217;emploi</strong> :</p>



<div class="wp-block-buttons is-content-justification-center is-layout-flex wp-container-core-buttons-is-layout-16018d1d wp-block-buttons-is-layout-flex">
<div class="wp-block-button"><a class="wp-block-button__link has-white-color has-text-color has-background" href="https://alumni.sciencespo-lille.eu/jobboard?page=1" style="background-color:#b48fc5" target="_blank" rel="noreferrer noopener">Offres de stage et d&#8217;emploi</a></div>
</div>



<div style="height:30px" aria-hidden="true" class="wp-block-spacer"></div>



<p>Pour plus d&rsquo;informations sur les stages à Sciences Po Lille et l&rsquo;insertion professionnelle, consultez le <strong>Guide des stages</strong> de la plateforme des Alumni :</p>



<div class="wp-block-buttons is-content-justification-center is-layout-flex wp-container-core-buttons-is-layout-16018d1d wp-block-buttons-is-layout-flex">
<div class="wp-block-button"><a class="wp-block-button__link has-white-color has-text-color has-background" href="https://alumni.sciencespo-lille.eu/page/guide-des-stages-1" style="background-color:#b48fc5" target="_blank" rel="noreferrer noopener">Guide des stages</a></div>
</div>



<div style="height:58px" aria-hidden="true" class="wp-block-spacer"></div>



<p>Au cours des deux ans de formation de la majeure, l’insertion professionnelle est favorisée par l’organisation de <strong>rencontres professionnelles</strong> avec des acteurs des Hauts-De-France. Les étudiantes et les étudiants de la promotion Denis Mukwege (2023) ont notamment rencontré l’équipe municipale de la ville de Roubaix et celle du Palais des Beaux-Arts.</p>

<p>Dans le cadre de la majeure Affaires Publiques, un stage de fin d&rsquo;études d&rsquo;une durée de 6 mois doit être effectué par les étudiantes et les étudiants, au semestre 4, en France ou à l&rsquo;étranger. Ce stage obligatoire fait partie intégrante de la validation du cycle master 2 et représente 30 crédits ECTS. Il peut [&hellip;]</p>
